. Suppose t - 2 = 0, l - 4*l + 5*t = -29. Let x = o + l. List the prime factors of x.
11
What are the prime factors of (-100)/(-6) - 2/(-6)?
17
Let i(n) = n**2 + 2*n + 1. Suppose -x + 2 = -2. Let g be 4 + -3 - x/1. What are the prime factors of i(g)?
2
Let v(x) = -x**3 + 3*x + 2. Let k be v(-2). Suppose 0 = -5*m + k*r + 26, 2*r + 18 = 5*m. Suppose -3*c + 12 = -m*c. What are the prime factors of c?
2, 3
Let d(u) = -u**3 + 5*u**2 + 2*u + 16. What are the prime factors of d(5)?
2, 13
Let i = -14 + 26. Suppose 0 = 4*m - 5*m + 3*y + 12, 0 = m + 5*y - i. What are the prime factors of m?
2, 3
Suppose -5*p - 71 - 31 = 4*y, y - 2*p + 32 = 0. Let a = y + 64. List the prime factors of a.
2, 3
Suppose -3*x + 260 = 2*x. What are the prime factors of x?
2, 13
Let s = -34 + 279. List the prime factors of s.
5, 7
Let v be -3*1*7/21. Let a(p) = -17*p**3 - p**2 + p + 1. What are the prime factors of a(v)?
2
Suppose -u = 5*b + 15, -3*b = 2*u + 14 + 2. Let g(a) = -3*a + 2*a - a**3 - 3 - 2*a - a**2. List the prime factors of g(b).
7
Let p be (-4 + 5)/((-1)/(-9)). Let j be (-2)/p - (-137)/9. Suppose -4*c - j = -83. List the prime factors of c.
17
What are the prime factors of (52/(-3))/(8/(-12))?
2, 13
Let n = -6 - -10. Let q = n + -2. Suppose -q = -p + 14. What are the prime factors of p?
2
Suppose 48 = 4*r - 2*r. What are the prime factors of 2/(-6) + 320/r?
13
Let v(y) = -41*y**3 - y**2 + y + 1. List the prime factors of v(-1).
2, 5
Let j = -21 + 40. Let r(s) = -s**2 - s + 2. Let q be r(-4). Let f = j + q. List the prime factors of f.
3
Suppose 0 = x + 53 - 174. Suppose 4*y = x + 27. List the prime factors of y.
37
Suppose -5*z = -15 - 95. Let x = -10 + z. What are the prime factors of x?
2, 3
Let j(v) = 6*v. Let x be (9/12)/((-2)/(-8)). What are the prime factors of j(x)?
2, 3
Let v be (-1*3)/((-1)/1). Suppose 4*c - 5*n + 3*n - 88 = 0, -3*c - 2*n = -52. Suppose v*p - c = 1. What are the prime factors of p?
7
Let l(m) = m**3 - m. Let v(s) = -4*s**3 + 6*s**2 + 7*s - 4. Let a(g) = 5*l(g) + v(g). List the prime factors of a(-5).
11
Let r(x) be the first derivative of x**4/4 + 4*x**3/3 + 3*x - 2. What are the prime factors of r(-4)?
3
Let y(a) be the second derivative of -a**2 + 4*a - 1/2*a**3 + 0. What are the prime factors of y(-7)?
19
Suppose -5*b = -5*p - 495, 0*p = -b + 2*p + 100. List the prime factors of b.
2, 7
Let w = 6 - 4. Let b(u) = -3 - u**3 - 4*u**w + 5 + 2 - u - 5. List the prime factors of b(-4).
3
Suppose 0 = 8*n - 5*n - 36. List the prime factors of n.
2, 3
Let b(r) = r**2 - r + 7. Let v be b(0). Let y be 6/21 - (-19)/v. Let p = 7 - y. List the prime factors of p.
2
Let o be 46*(-1 + 6/4). Let j = o + 11. Suppose 2*f = -0*f + j. What are the prime factors of f?
17
Suppose -638 = -5*r + 337. What are the prime factors of r?
3, 5, 13
Let k = 0 + 1. Let f = k - 2. Let i(c) = 5*c**2 - c. What are the prime factors of i(f)?
2, 3
Let f(j) = j**2 + 2*j - 3. Let r(l) = -2*l - 7. Let z be r(-5). Suppose -2 = v + z. List the prime factors of f(v).
2, 3
What are the prime factors of (-66)/(-14) + (-6)/(-21)?
5
Let u(q) = -q - 14. Let p be u(-10). Let z be ((-2)/p)/(2/124). Suppose -z - 1 = -4*v. List the prime factors of v.
2
Suppose -2*n - v + 14 = 2*n, 2*n - 14 = -4*v. Let l be 0*(-1*n - -2). Suppose l = -o - 0 + 4. What are the prime factors of o?
2
Let w(c) = c**3 + 5*c**2 - 14*c + 5. List the prime factors of w(-7).
5
Let v(h) = h + 18. Suppose -5 = -3*x + 103. Suppose 2*c + x = -c. List the prime factors of v(c).
2, 3
Suppose 0 = -0*f - 2*f. Suppose 10 = -f*w + 5*w. What are the prime factors of w?
2
Let i be -2 - (-1 + 0 - 1). Suppose i*w + 88 = -4*w. Let u = -16 - w. What are the prime factors of u?
2, 3
Let d = -4 - -6. Let p be (-22)/(-18) - 2/9. Suppose d*b + 4*t - 1 = 27, -p = b - t. What are the prime factors of b?
2
List the prime factors of 146 + 2 + (1 - 5).
2, 3
Suppose -467 = -4*u + u - z, -4*z = 2*u - 308. What are the prime factors of u?
2, 3, 13
Let d(h) = 2*h**2 - 6*h. What are the prime factors of d(4)?
2
Let w = 0 - -14. Let m = w - 8. List the prime factors of 3/m + 14/4.
2
Let l(c) = -19*c - 1. Let d(p) = -p**2 - 7*p - 1. Let g be d(-7). What are the prime factors of l(g)?
2, 3
Let x = 11 + -1. Suppose -x*n + 31 = -9*n. List the prime factors of n.
31
Suppose 0 = -a - 2*x - 2*x + 16, -9 = 3*x. List the prime factors of a.
2, 7
Let s(b) = b**3 - 2. Let u be s(0). List the prime factors of 3/u*(-14)/1.
3, 7
Let t(x) = -x**3 + 2*x**2 + 3*x + 2. Let u be t(3). Suppose -5*a = u*k - 3*k + 28, 2*k - 46 = 5*a. What are the prime factors of (-2)/(14/k - 1)?
3
Let k(l) = l**2 - 9*l - 1. Let a be k(4). Let g = -27 - -60. Let p = g + a. List the prime factors of p.
2, 3
List the prime factors of -3 + 1 + (-94)/(-1).
2, 23
Let s(a) = -a**3 - 10*a**2 - 8*a - 8. Let r be s(-9). Let m = r + 26. List the prime factors of m.
3
Suppose -2*j = -6*j + 8. Suppose -5*a + j = -23. List the prime factors of a.
5
Let n(m) = -m**3 + 15*m**2 + 20*m - 21. List the prime factors of n(16).
43
Suppose 3*l - 487 - 40 = -k, l - 179 = 3*k. List the prime factors of l.
2, 11
Suppose -2*l + 4*z = -384, 4*z + 4 = 12. What are the prime factors of l?
2, 7
Let v(o) = o**2. Let q(n) = n**2 - 18*n + 13. Let l(f) = -9*f + 7. Let p(y) = -9*l(y) + 4*q(y). Let g(w) = -p(w) + 5*v(w). What are the prime factors of g(9)?
11
Let g = -65 + 125. What are the prime factors of (1*g/(-2))/(-2)?
3, 5
Let t be 62/(-4) + (-5)/(-10). Let u be (0 + (-4)/6)*6. Let r = u - t. What are the prime factors of r?
11
Let w be 8 + -5 - 10/2. List the prime factors of (w/6)/((-8)/336).
2, 7
Let f(m) = -m**3 + 11*m**2 + 3*m - 28. List the prime factors of f(11).
5
Suppose -9 = -c - 5*t + 19, -5*c - 2*t + 94 = 0. What are the prime factors of c?
2, 3
Let w = -7 - -7. Suppose w*c + 2*k + 2 = 2*c, -3*k = c - 17. List the prime factors of c.
5
Suppose -g - 33 = -4*g. List the prime factors of g.
11
Suppose -l = l - 16. Suppose 4*j - 2 - 10 = 0. Suppose -j*d + l = d. What are the prime factors of d?
2
Let u(h) = 2*h - 1. Let b be u(2). What are the prime factors of b/6*(-1 - -63)?
31
Let l = -76 - -210. What are the prime factors of l?
2, 67
List the prime factors of 15 + (-5 - -4)*2.
13
Let f(c) be the first derivative of c**3/3 + 3*c**2 + 9*c + 1. Let w be f(-7). List the prime factors of w/(-20)*50/(-4).
2, 5
Suppose 16 + 24 = -2*a. Let j = a - -28. List the prime factors of j.
2
Suppose 0*r - 3*r = 0. Suppose y - 174 = -4*t - r*t, -4*t - 2*y = -172. What are the prime factors of t?
2, 11
Suppose -4*g + 49 = 237. Let b = g + 72. What are the prime factors of b?
5
What are the prime factors of 372/14 - 15/(-35)?
3
Suppose -5*q + q = -48. Let n = -12 + 9. List the prime factors of n/((-3)/2) + q.
2, 7
Suppose 5 - 1 = -4*f + 4*x, -5*x - 10 = -2*f. List the prime factors of (-83)/f - 8/(-20).
17
Suppose 13*b - 1140 = -2*b. What are the prime factors of b?
2, 19
Suppose t = 2*t + 3. What are the prime factors of t + (-22)/(1 + -3)?
2
Let t(g) = g**3 - 11*g**2 + 15*g - 14. Let a be t(10). Suppose -u - a = 2*u. What are the prime factors of u/(-7)*49/14?
2, 3
Suppose i - 5*u - 20 = 0, 0 = -3*i + 2*i - 3*u - 4. Let n(o) = 3*o**2 + 3*o - i*o**2 + o**2 - 11*o + 1. What are the prime factors of n(-6)?
13
Suppose -4*o + 8 = -0*o. Suppose 0 = o*y, 2 = j + 3*y - 4. List the prime factors of j.
2, 3
Suppose 0 = 3*b - 2*b. Let t be (0 - b)/(7 + -4). Suppose 2*k + f - 20 = t, 5*k + f + 17 = 64. List the prime factors of k.
3
Suppose 0 = m + 2. Let s = m - -4. Suppose y - 33 = -s*y. List the prime factors of y.
11
Let o = -8 + 11. Let b = o - 3. Let u = 2 + b. What are the prime factors of u?
2
Suppose 0 = -3*n + q + 908 + 337, 4*n = 3*q + 1660. List the prime factors of n.
5, 83
Suppose -s - 34 = s. Let b = s - -35. Let d = b - 11. List the prime factors of d.
7
Suppose 3*s - n - 57 = s, 5 = -5*n. Suppose 0*r + 4 = -3*r + 4*g, 5*r + 2*g - s = 0. List the prime factors of r.
2
Let t = 162 - 92. What are the prime factors of t?
2, 5, 7
Let q(g) = -10*g + 36. Let r(c) = -2*c + 7. Let l(p) = 2*q(p) - 11*r(p). List the prime factors of l(5).
5
Suppose j + 3*c - 2 = 0, j = 5*c + 2 - 0. Suppose j*h - 63 = -h. Let v = h + -11. What are the prime factors of v?
2, 5
Suppose 16 = -2*h - 2*h. What are the prime factors of 1 + h 